 5. Suppose 0 = 4*g + g - 20. Let j be m(g). Let o(s) = 2*s**2 - s + 2. What is the remainder when o(j) is divided by 6?
5
Suppose 116 = -12*s + 16*s. Calculate the remainder when s is divided by 11.
7
Suppose d + 65 = 5*t, 0 = -4*t + 4*d + 3 + 33. Let s(u) = u**2 - 9*u + 12. What is the remainder when t is divided by s(8)?
2
Let o(i) = -i + 3. What is the remainder when 20 is divided by o(-4)?
6
Let h = -4 - -4. Suppose h*n + 24 = 4*n. What is the remainder when -26*(1 - 9/n) is divided by 7?
6
Suppose -6*b - 11 = -29. Suppose -2*t + b*f + 29 = -0*f, -4*f - 44 = -3*t. What is the remainder when 45 is divided by t?
13
Let v = 2 - 0. Suppose 0 = v*c - 7*c + 55. What is the remainder when 42 is divided by c?
9
Suppose 4 = 2*s - 0. Suppose 2*r = 4*r - 8. Suppose -5*b + r*b = -4. Calculate the remainder when b is divided by s.
0
Let j be (-1)/(-3) + (-560)/(-30). Let n = 79 - j. What is the remainder when n is divided by 21?
18
Suppose 5 = 3*y - 10. Suppose 0 = 5*n + 2*u - 34 - 16, 57 = 4*n + y*u. What is the remainder when 22 is divided by n?
6
Suppose -2*x + 84 = -4*f, -f + 6*f = -5*x + 165. Let k = 31 - 18. Calculate the remainder when x is divided by k.
10
Let u be (12 - -6) + (1 - 0). What is the remainder when -3 - u/(-1)*2 is divided by 12?
11
Suppose -4*u = -u - 18. What is the remainder when 8 is divided by u?
2
Suppose 2*r = -2*r - 64. Calculate the remainder when (124/r)/((-2)/8) is divided by 16.
15
Suppose -4*p = -2*p - 14. Let n(j) = 7*j - 10. Suppose w = -4*l + 80, 4*w - 100 = -5*l - 0*l. What is the remainder when n(p) is divided by l?
19
Suppose 12*f + 45 = 7*f. Let g = f - -25. What is the remainder when (2 - 3/2)*94 is divided by g?
15
Suppose 0*s = s - 12. Let y = s + -2. Suppose 3*o = 2*d - 47, 4*d - 101 = -d + 2*o. What is the remainder when d is divided by y?
9
Let l = 5 - 1. Suppose -l*v + 108 = -v. Suppose 3*h + 4*g - 111 = -2*h, h - 3 = 4*g. What is the remainder when v is divided by h?
17
Let w(i) = 4*i**3 + i**2 - i + 1. Calculate the remainder when w(2) is divided by 18.
17
Suppose -4*f + 6 = -2*f, 4*n - 4*f = 112. Let i(u) = 4*u. Calculate the remainder when n is divided by i(4).
15
Let t be 2 + 2 + -2 - -2. Let a = t - 2. Calculate the remainder when -5*(-2*1)/2 is divided by a.
1
Suppose -k + 0*k - 35 = 0. Let y be k - 1/(-2)*0. Calculate the remainder when 7 is divided by (12/(-10))/(14/y).
1
Let n(f) = f. Let i be n(2). Suppose 2 + 37 = 3*d - i*x, -x = -5*d + 72. What is the remainder when d is divided by 4?
3
Let h(s) = -s**2 + 8*s - 4. Let g be h(7). Suppose -4*f + 158 = 2*c, -5*f + 105 = -2*f - g*c. What is the remainder when f is divided by 54/4 - (-10)/(-20)?
12
Suppose -3*t + 64 = 5*i, 1 = 5*t + i - 135. Suppose -z - t + 89 = 2*v, 2*v - 4*z = 66. Calculate the remainder when v is divided by 11.
9
Let i = -22 - -36. Suppose -3*b - 5*a + 30 = 0, -3*b + 5 = 4*a - 22. What is the remainder when i is divided by b?
4
Suppose -48*p + 47*p = -412. Calculate the remainder when p is divided by 69.
67
Calculate the remainder when 71 is divided by 15 + (-1 - -2) - -2.
17
Suppose -5*i + 175 = 4*o, -4*o - i - 28 = -223. Let u = -23 - -40. What is the remainder when o is divided by u?
16
Suppose -49 = 2*o - 9*o. Let y = -2 - -7. Calculate the remainder when o is divided by y.
2
Let i(g) = -3*g + 47. What is the remainder when i(0) is divided by 17?
13
Suppose 0 = -5*o + 2*f - 41, 4*o + 31 = 5*f - 4*f. Let n(z) = -z + 3. Suppose 34 - 182 = -4*b. What is the remainder when b is divided by n(o)?
7
Suppose 5*h + 5*a - 485 = 0, -3*a - 2 = -5*a. What is the remainder when h is divided by 25?
21
Let k be (4/((-4)/5))/(-1). Let i = k - 4. What is the remainder when (1 + (-2)/4)*2 is divided by i?
0
What is the remainder when 63 is divided by -13*3*17/(-51)?
11
Let m = -43 + 60. Suppose -p - 4*p = -30. Calculate the remainder when m is divided by p.
5
Let b be (-1)/(-8) + 1/(-8). Suppose b = -0*w + 2*w - 50. Calculate the remainder when 97 is divided by w.
22
Let f = 1 - -2. Let d be 174/(-15) + (-2)/5. Let z = f - d. What is the remainder when z is divided by 8?
7
Suppose -7*j + 11*j - 16 = 0. What is the remainder when 6 is divided by j?
2
Suppose 3*n + 3 = 3*v, 7 = 4*n - 5*v + 16. Suppose 0 - 5 = -u. Calculate the remainder when u is divided by n.
1
Suppose n - 18 = 4*u, -2*u = -4*n + 2*u + 60. Suppose 4*z = 5*p - 280, 4*p + 15*z - 223 = 18*z. Calculate the remainder when p is divided by n.
10
Suppose 0*g - g - 1 = -x, 3*g + 4*x = 25. Suppose 0 = -5*l + 3*t + 167, g*t - t - 104 = -3*l. Calculate the remainder when l is divided by (1 + 3)/(2/9).
16
Let j(h) be the first derivative of -h**3/3 - 7*h**2/2 - 2*h + 1. Calculate the remainder when 12*(-1 - 5/(-2)) is divided by j(-4).
8
Let s be 1/(3 + 14/(-5)). Let b = 9 + s. Calculate the remainder when 54 is divided by b.
12
Suppose -3*k = k + 5*c - 212, -4 = -c. Let i = -14 + k. Calculate the remainder when i is divided by (-6)/((6/4)/(-3)).
10
Calculate the remainder when 69 is divided by (-1)/4 + (-291)/(-12).
21
Suppose -2*u - 20 = -0*u. Let n = 13 - u. Calculate the remainder when 67 is divided by n.
21
Let n(l) = l**3 + 5*l**2 - 2*l - 5. Let s be n(-5). Suppose s*f + 4 = 3*f. What is the remainder when 11 is divided by 16/(-6)*3/f?
3
Let g = -123 + 274. What is the remainder when g is divided by 17?
15
Suppose 150 = -0*c + 5*c. Let l = c + -20. Let s = 15 + -11. Calculate the remainder when l is divided by s.
2
Suppose -n - 13 + 77 = 0. Suppose 2*h - n = -2*h. Let u(o) = 2*o**2 + 4*o + 3. Calculate the remainder when h is divided by u(-3).
7
Let q = 64 + -33. Calculate the remainder when q is divided by 10.
1
What is the remainder when (-1 - 105)/(-3 - (-5)/5) is divided by 27?
26
Let p(l) = l**3 + 7*l**2 + 3*l + 1. What is the remainder when p(-6) is divided by 11?
8
Let h = 50 + -36. Calculate the remainder when 27 is divided by (-2)/(-5 + 3)*h.
13
Let d be -8 + (-3 - -2) + 2. Let v(l) = 70*l + 5. Let s be v(d). What is the remainder when s/(-15) - 1/3 is divided by 17?
15
Let f(q) = -q**3 - q**2 + 5*q + 2. Let l be -3*(4 - 2)/2. Let h be f(l). Suppose -28 = -h*t + 7. What is the remainder when t is divided by 4?
3
Suppose -154 = -5*n - 44. Calculate the remainder when 108 is divided by n.
20
Suppose -d - 566 = -5*s + 2*d, 0 = -4*d - 8. Calculate the remainder when s is divided by 38.
36
Let l(u) = -11*u**2 - 7*u + u**3 - 3 + 0*u**3 + 18*u. What is the remainder when 26 is divided by l(10)?
5
Let z = 5 + -7. Calculate the remainder when 1 + 13 + z + 2 is divided by 5.
4
Suppose -5*j - 5*d + 5 = 0, d = -2*j + 4 - 3. Suppose j*s + 9 = -3*s, 4*b + s = 13. Calculate the remainder when 40 is divided by (-7)/(-1)*(-2 + b).
12
Suppose -3*q + 371 = 5*k, -k - 3*q + 41 + 38 = 0. Calculate the remainder when k is divided by 25.
23
Let y be ((-1)/2)/(2/(-96)). Let o = -34 + y. Let w(z) = z**2 + 9*z - 1. What is the remainder when 24 is divided by w(o)?
6
Suppose 0 = n + 5*c - 27, 5*c + 1 = 2*n + 7. Suppose 2*g - 7 = x + 14, -15 = -3*g. Let q = n - x. Calculate the remainder when 35 is divided by q.
17
Suppose -4*m + 2*n = 3*n - 220, 0 = m + 4*n - 70. Suppose -4*i + m - 14 = 0. Suppose 2*l - 41 = 13. Calculate the remainder when l is divided by i.
7
Calculate the remainder when 22 is divided by 57/5 - (-30)/50.
10
Let g = 13 - -5. Calculate the remainder when g is divided by 12 + (-1)/((-2)/(-4)).
8
Let z be 1 + (-6*(-3)/(-6))/(-3). Suppose 2*h = 5*h - 21. Suppose -h = -z*y + 21. What is the remainder when 40 is divided by y?
12
Let a(d) = d - 1. Let x(i) = 55*i + 5. Let q(b) = 6*a(b) + x(b). Calculate the remainder when q(1) is divided by 21.
18
Suppose -5*m - 95 = -5*i, -2*i = -5*m - 0*m - 53. What is the remainder when 39 is divided by i?
11
Suppose -41*g + 58 = -40*g. What is the remainder when g is divided by 10?
8
Let y(t) = 5*t - 16. What is the remainder when 41 is divided by y(7)?
3
Let x = -40 - -90. What is the remainder when x is divided by -3 + 3 + (34/(-1))/(-2)?
16
Let m = -105 - -182. Calculate the remainder when m is divided by 27.
23
Let g be (11/2)/((-2)/(-4)). Let h = 15 - g. Let u(r) = -r**2 + 4*r + 2. What is the remainder when u(h) is divided by 2?
0
Let d be ((-30)/(-25))/(6/20). Suppose -2*p + 80 = 5*s - 3*p, -s + 16 = d*p. Calculate the remainder when 46 is